+ g = 0. What is h(d)?
-6
Let l(c) be the second derivative of c**3/6 + 5*c**2 - 456*c. Give l(-11).
-1
Suppose 0 = -2*h - 1 + 7. Suppose -2*s = s - h. Let b(q) = -6*q**2 - q + 1. Determine b(s).
-6
Let o(x) = -x**2 + 3*x - 3. Let b(t) = 2*t + 3. Let a(j) = j + 2. Let k(g) = 5*a(g) - 3*b(g). Let q(r) = -4*k(r) - o(r). Suppose -6*v + 4 = -4*v. What is q(v)?
5
Suppose 5*v + 5 = -2*g + 4*v, v + 7 = -4*g. Let o(l) be the second derivative of -l**5/4 + l**4/12 + l**3/3 + l**2/2 + 17*l. Calculate o(g).
5
Let f(d) = -d**3 - 2*d**2 + 3*d + 2. Let s be f(-3). Let o(b) = 25 + s*b + 48*b**2 - 54*b**2 - 26. What is o(1)?
-5
Let u(n) = -n**3 - 5*n**2 + 3*n - 4. Let z(h) = -h**3 + 3*h**2 + 1. Let p be z(2). Suppose p*w = 20, 3*w = 2*g + 14 + 10. What is u(g)?
14
Let s(r) = 2*r - 11. Let h = 96 - 87. Give s(h).
7
Let f(q) = 5*q**3 - 3*q**2 - 1. Let n(w) = -w**2 - 2. Let u(g) = 2*g**2 + 5. Let l(j) = -5*n(j) - 2*u(j). Let h(y) = -f(y) - 3*l(y). Calculate h(1).
-4
Let f(b) = b**2 + 10*b + 20. Let j be 8/(-36) + 22/18. Suppose -23 = 3*p + j. Let g be f(p). Let k(o) = o**2 - 5*o + 6. What is k(g)?
2
Let b be -4 + 1 + 1 + -2. Suppose 0 = -5*y - g - 5, -1 = y - 0*g - g. Let s = b - y. Let k(v) = v**3 + 4*v**2 + 2*v - 3. Determine k(s).
0
Suppose -4*x + 10 = -2*c, 4*c - 3*x = 3*c - 5. Let s(m) = -m**3 - 7*m**2 - 4*m + 6. What is s(c)?
-24
Suppose -y = -0 - 4. Let d(m) = -5*m**2 - 5*m**3 - 1 + 3*m**3 + 9*m**2 - 5*m + m**3. Determine d(y).
-21
Let p(r) = -63*r - 25*r - 22 + r**2 + 77*r. Give p(13).
4
Let x(g) = 4*g - 6. Suppose 2*p = -0*p + 10. Suppose -3*j + 5*t - 7 = 0, 2*j - 3*t + p*t - 22 = 0. Determine x(j).
18
Let z(i) = i**2 - 3*i + 1. Let b(h) = h**3 - 19*h**2 + 35*h - 14. Let a be b(17). Give z(a).
1
Let x(u) = -10*u + 109. Let a be x(11). Let h(o) be the second derivative of 2/3*o**4 + 0 + 1/2*o**2 + 1/6*o**3 - 3*o. What is h(a)?
8
Let a be ((-3)/27 - (-14)/126)/2. Suppose -3 = -2*j + j. Let q(r) = 2 - j + r + 3. Calculate q(a).
2
Let m = 18 - 6. Suppose -4*h - x + m = -9, 5*h - 15 = x. Let y(z) = -5*z - h - z + z**2 + 4*z + 2. What is y(4)?
6
Suppose 15*v - 12 = 13*v. Let m(n) = 3*n - 8. Determine m(v).
10
Suppose 2*v - 5 = -1. Let i(f) = f**3 + 7*f**v + 0*f**3 + 0*f**3 + 5 - 3*f - 3*f**2. Calculate i(-5).
-5
Suppose -33 = -70*w - 338 - 115. Let c(l) = 5*l**2 - 32*l - 19. Let y(a) = -a**2 + 8*a + 5. Let s(j) = -2*c(j) - 9*y(j). Determine s(w).
5
Let y(i) be the third derivative of -i**7/2520 + i**6/120 + i**5/24 + 5*i**4/12 + 13*i**2. Let a(v) be the second derivative of y(v). Calculate a(7).
-2
Let c(x) be the second derivative of -1/2*x**3 + 0 + 7/2*x**2 + 1/20*x**5 + x + 1/3*x**4. Let d(o) = o**3 - 15*o**2 + 17*o - 47. Let j be d(14). Calculate c(j).
-3
Suppose -5*d + 25 = -5*v, -4*v + 54 = -2*d + 64. Let k(x) be the second derivative of -13*x - 1/2*x**2 - 5/6*x**3 + v. Calculate k(-1).
4
Let m(l) be the third derivative of -1/60*l**5 + 0 - 1/12*l**4 + 0*l + 2*l**2 + 1/2*l**3. Give m(-4).
-5
Let o(s) be the first derivative of -s**4/4 - s**2/2 - 12*s - 91. Determine o(0).
-12
Let m(a) = a**2 + 3*a - 5. Let u(f) = -f**3 - 7*f**2 + f + 3. Let h(c) = c**3 + 24*c**2 - 24*c + 18. Let n be h(-25). Let o be u(n). Give m(o).
-1
Let z(y) = -5*y - 8. Let x = -31 + 14. Let b(t) = 1. Let a(m) = -14*m - 19. Let l(f) = a(f) - 4*b(f). Let p(i) = x*z(i) + 6*l(i). What is p(4)?
2
Let z be 2 + 11 + 6/(-6). Let h = -8 + z. Suppose -3*m + 30 = -5*p, 0 = -2*m - h*p - 2. Let n(q) = -4*q + 7. Give n(m).
-13
Let j(g) = -2*g**2 - 13*g - 7. Let u be j(-5). Let w(i) be the first derivative of -1/3*i**3 + 3*i + 2*i**2 - 1/2*i**4 - u. Calculate w(-2).
7
Let q = 30 + -27. Suppose 5*b = 3*b + 2, 9 = -2*h - q*b. Let o(g) = -g - 7. Determine o(h).
-1
Let z(i) = -i - 10. Let g(q) = 2*q - 18. Let h be g(9). Calculate z(h).
-10
Let c be 3 - (1 + 1 + 0). Let m = 9 - 6. Let n(b) = -m*b - b + 1 + 2*b. Calculate n(c).
-1
Let d(w) be the third derivative of w**6/120 - 17*w**5/60 + 5*w**4/8 + 5*w**3/3 + 43*w**2. Determine d(16).
-6
Let c(a) be the second derivative of a**5/20 - a**4/6 - a**2/2 + 3*a + 22. Determine c(0).
-1
Let l(m) = 136 - 42 - 39 - 49 + m + m**2. Give l(0).
6
Let g(w) = -5*w + 1. Let a(b) = 18*b - 2. Let k(i) = -2*a(i) - 7*g(i). Calculate k(-8).
5
Let n = 142 + -151. Let o(u) = -u**3 - 8*u**2 + 8*u - 8. Give o(n).
1
Let d(b) = b**3 + 10*b**2 + 2*b + 30. Let o be d(-10). Let v(y) = y**2 - 10*y + 9. Determine v(o).
9
Let m = 60 - 58. Suppose -m*w - 5*l + 0 - 3 = 0, -2*w + l = -3. Let r(d) = -4*d**3 + d - 1. What is r(w)?
-4
Let m(x) be the third derivative of x**6/120 - x**5/10 + x**4/4 - x**3/6 + 3*x**2. Let t = -57 + 61. Determine m(t).
-9
Let p(o) = -5*o + 20. Let u(r) = 11 + 31 - 2 + 0*r - 11*r. Let c(x) = -9*p(x) + 4*u(x). Calculate c(14).
-6
Let t(r) = r - 2. Let f(a) = 17*a - 110. Let k be f(7). Give t(k).
7
Let d = 17 - 16. Suppose g + 5*h - 1 - d = 0, 0 = 4*g + 5*h + 7. Let r(b) = 2*b + 3. Let p(s) = -2*s - 2. Let j(f) = 4*p(f) + 3*r(f). What is j(g)?
7
Suppose 4*x = w + 30, 3*w = -5*x + 25 + 4. Suppose q - 1 = -x. Let o(h) = -h**3 - 5*h**2 + 6*h + 6. What is o(q)?
6
Let p(j) = -6*j - 3. Let q(h) = h + 2. Let d(g) = p(g) + 5*q(g). Give d(7).
0
Let h(j) = 47*j + 331. Let a be h(-7). Let y(x) = 2*x**3 + 3*x**2 - 2*x. Calculate y(a).
24
Let l(x) = -x**3 - 4*x**2 + x - 4. Let w be (-4)/(-5) - (5 - 5/25). Determine l(w).
-8
Let y(b) = -b**3 - b**2 + 3*b - 3. Let x = 8 + -4. Suppose -m + 5*a = 23, 18 - 5 = x*m + a. Give y(m).
-9
Let k(x) = 2*x**2 - 3*x - 1 + 35 - 35 + 4. Let u(s) = -s + 5. Let n(g) = -g + 5. Let v(i) = 5*n(i) - 6*u(i). Let r be v(7). Give k(r).
5
Let o(y) = 10*y + 13. Let l(x) = 33*x + 130. Let g be l(-4). Calculate o(g).
-7
Let d(t) = 9*t**3 + 20*t**2 - 10*t - 5. Let g(v) = -2*v**3 - 2*v**2 + 2*v + 2. Let q(w) = -d(w) - 5*g(w). Give q(10).
-5
Let a(f) = -10*f**2 + 31 + 8*f + 5*f**2 - 3*f - 26 + f**3. What is a(5)?
30
Let g(n) = n**2 + 4*n - 3. Let r(w) = 3 + 7*w + 2 + w**3 + 7*w**2 - 5*w**2 + 4*w**2. Let t be r(-4). Let k = 5 - t. Calculate g(k).
-3
Let f(s) = -4*s**2 - 44*s - 6. Let z be f(-11). Let h(q) = -q**2 - 4*q + 6. Determine h(z).
-6
Let q(m) be the first derivative of -m**5/120 - 7*m**4/24 - 6*m**3 - 24. Let u(h) be the third derivative of q(h). Determine u(-9).
2
Let d(i) = i**3 - 5*i**2 + 5*i - 4. Let y(q) = -q**2 + 40*q - 171. Let t be y(5). Determine d(t).
0
Let a(o) = -30*o**2 + 1227*o - 10 - 1245*o + 27*o**2. Give a(-7).
-31
Let d(u) = -29*u - 1. Let k be 0 + (-3 - (-8)/2). Determine d(k).
-30
Let o(p) = -p**2 - 7*p - 7. Let z(l) = -38*l - 121. Let k be z(-3). What is o(k)?
-7
Let x(v) = 5*v - 6 - 1648*v**2 + 3 + 1647*v**2. Calculate x(-4).
-39
Let m(r) = 7 + 3*r + r**3 - 4 - r - 4*r**2 + 1. Let k be m(3). Let h(q) = 3 - k - 3 - 2*q - 2. What is h(-4)?
5
Let i(t) = -t**3 + 5*t**2 - 4*t - 1. Let w = 116 - 113. Calculate i(w).
5
Let y(s) = s**2 + 690*s**3 - 4 + 3*s + s + 2*s**2 - 691*s**3. Suppose 23 = 4*t + 7. Give y(t).
-4
Let k(s) = s + 5*s - 3 - s**2 + 1. Suppose -r + 2*q = -2, -r + 7 = 9*q - 6*q. Calculate k(r).
6
Let p(t) = -t**2 - 9*t - 6. Let l = -18 - -16. Let r be l/(-11) - 340/55. What is p(r)?
12
Let r be 4/(-16) + (13/4 - 2). Let q(y) = 14*y. Give q(r).
14
Let w(f) = -18*f - 376. Let t be w(-21). Let k(i) = i**3 - i**2 + 4*i - 3. What is k(t)?
9
Let o(u) = u**2 + 11*u + 5. Let m be o(-11). Let n(z) be the second derivative of -1/3*z**4 + 3/2*z**2 + 4*z + 1/20*z**5 + 0 - 5/6*z**3. Determine n(m).
3
Let j(r) be the first derivative of 3*r**2/2 + 5*r - 305. Calculate j(-4).
-7
Suppose -3*u + 5*u - 3*q + 45 = 0, 5*u + 5*q = -75. Let j be 5*4*3*(-3)/u. Let y(c) = c**3 - 10*c**2 + c - 6. What is y(j)?
4
Let w(h) = 231*h**2 - 2 + 5*h - 469*h**2 + 237*h**2. Calculate w(8).
-26
Let p(l) be the second derivative of l**7/840 + l**5/120 + l**4/4 - 11*l**3/6 + 23*l. Let m(a) be the second derivative of p(a). Determine m(0).
6
Let s(t) be the first derivative of t**2/2 - t + 8. Let r(a) = -a - 3. Let z(m) = r(m) - 3*s(m). Give z(5).
-20
Let t(u) be the second derivative of -u**4/12 + u**3/2 + 12*u**2 - 9*u - 2. Calculate t(7).
-4
Let l(a) = a**2 + 7*a + 12. Let o be l(-8). Suppose 5*q = -g + o, 26 + 9 = 5*q + 4*g. Let d be ((-5)/q)/(2/6). Let w(c) = c**2 + 7*c + 3. Calculate w(d).
-7
Let w = 1264 + -1261. Let f(b) be the first derivative o